{"id":2,"date":"2021-08-23T15:11:02","date_gmt":"2021-08-23T18:11:02","guid":{"rendered":"https:\/\/escolauniepre.com.br\/blog\/?page_id=2"},"modified":"2021-08-31T11:24:11","modified_gmt":"2021-08-31T14:24:11","slug":"home","status":"publish","type":"page","link":"https:\/\/escolauniepre.com.br\/blog\/","title":{"rendered":"Start!"},"content":{"rendered":"\n<h3 class=\"has-text-align-center wp-block-heading\">Aprendizados, Experi\u00eancias, Forma\u00e7\u00f5es, Eventos, Atividades, Projetos Ricos e Marcantes envolvendo toda a nossa comunidade escolar!<\/h3>\n\n\n\n<p><br>No contexto pedag\u00f3gico, escola, educadores, pais, familiares, estado, s\u00e3o institui\u00e7\u00f5es complementares onde a m\u00e1xima se concentra em um objetivo: Propiciar a melhor base educacional poss\u00edvel as crian\u00e7as e adolescentes.<\/p>\n\n\n\n<p>Em um universo multicultural, onde gera\u00e7\u00f5es, m\u00e9todos, abordagens, ser\u00e3o inevitavelmente conflitantes, cabe a institui\u00e7\u00e3o escolar orientar, discutir, e apresentar alternativas que possam enriquecer o portf\u00f3lio criativo dos alunos, construindo assim um poder cr\u00edtico e promissor para enfrentar com discernimento e equil\u00edbrio, o futuro que as espera.<\/p>\n","protected":false},"excerpt":{"rendered":"<p>Aprendizados, Experi\u00eancias, Forma\u00e7\u00f5es, Eventos, Atividades, Projetos Ricos e Marcantes envolvendo toda a nossa comunidade escolar! No contexto pedag\u00f3gico, escola, educadores, pais, familiares, estado, s\u00e3o institui\u00e7\u00f5es complementares onde a m\u00e1xima se concentra em um objetivo: Propiciar a melhor base educacional poss\u00edvel as crian\u00e7as e adolescentes. Em um universo multicultural, onde gera\u00e7\u00f5es, m\u00e9todos, abordagens, ser\u00e3o inevitavelmente conflitantes, [&hellip;]<\/p>\n","protected":false},"author":1,"featured_media":0,"parent":0,"menu_order":1,"comment_status":"closed","ping_status":"closed","template":"","meta":{"footnotes":""},"class_list":["post-2","page","type-page","status-publish","hentry"],"_links":{"self":[{"href":"https:\/\/escolauniepre.com.br\/blog\/wp-json\/wp\/v2\/pages\/2","targetHints":{"allow":["GET"]}}],"collection":[{"href":"https:\/\/escolauniepre.com.br\/blog\/wp-json\/wp\/v2\/pages"}],"about":[{"href":"https:\/\/escolauniepre.com.br\/blog\/wp-json\/wp\/v2\/types\/page"}],"author":[{"embeddable":true,"href":"https:\/\/escolauniepre.com.br\/blog\/wp-json\/wp\/v2\/users\/1"}],"replies":[{"embeddable":true,"href":"https:\/\/escolauniepre.com.br\/blog\/wp-json\/wp\/v2\/comments?post=2"}],"version-history":[{"count":17,"href":"https:\/\/escolauniepre.com.br\/blog\/wp-json\/wp\/v2\/pages\/2\/revisions"}],"predecessor-version":[{"id":124,"href":"https:\/\/escolauniepre.com.br\/blog\/wp-json\/wp\/v2\/pages\/2\/revisions\/124"}],"wp:attachment":[{"href":"https:\/\/escolauniepre.com.br\/blog\/wp-json\/wp\/v2\/media?parent=2"}],"curies":[{"name":"wp","href":"https:\/\/api.w.org\/{rel}","templated":true}]}}